{"id":163,"date":"2021-03-18T11:40:28","date_gmt":"2021-03-18T11:40:28","guid":{"rendered":"https:\/\/foodservice-company.de\/?page_id=163"},"modified":"2025-06-10T10:09:44","modified_gmt":"2025-06-10T10:09:44","slug":"tuerkischer-joghurt","status":"publish","type":"page","link":"https:\/\/foodservice-company.de\/?page_id=163","title":{"rendered":"T\u00fcrkischer Joghurt"},"content":{"rendered":"\n<figure class=\"wp-block-image size-full\"><img loading=\"lazy\" decoding=\"async\" width=\"566\" height=\"566\" src=\"https:\/\/foodservice-company.de\/wp-content\/uploads\/2025\/06\/Joghurt-Bizim-10kg-1.png\" alt=\"\" class=\"wp-image-834\" srcset=\"https:\/\/foodservice-company.de\/wp-content\/uploads\/2025\/06\/Joghurt-Bizim-10kg-1.png 566w, https:\/\/foodservice-company.de\/wp-content\/uploads\/2025\/06\/Joghurt-Bizim-10kg-1-300x300.png 300w, https:\/\/foodservice-company.de\/wp-content\/uploads\/2025\/06\/Joghurt-Bizim-10kg-1-150x150.png 150w\" sizes=\"auto, (max-width: 566px) 100vw, 566px\" \/><\/figure>\n\n\n\n<p>Produkteigenschaften:<\/p>\n\n\n\n<p>Fett: 3,5 %<\/p>\n\n\n\n<p>Gebinde: 5\/10 Kg<\/p>\n\n\n\n<p>Traditionell fester Joghurt mit frischem Geschmack. Er ist aus der t\u00fcrkischen K\u00fcche nicht wegzudenken und wird f\u00fcr Cac\u0131k, D\u00f6nersaucen und als Basis f\u00fcr Nachspeisen eingesetzt.<\/p>\n","protected":false},"excerpt":{"rendered":"<p>Produkteigenschaften: Fett: 3,5 % Gebinde: 5\/10 Kg Traditionell fester Joghurt mit frischem Geschmack. Er ist aus der t\u00fcrkischen K\u00fcche nicht wegzudenken und wird f\u00fcr Cac\u0131k, D\u00f6nersaucen und als Basis f\u00fcr Nachspeisen eingesetzt.<\/p>\n","protected":false},"author":3,"featured_media":0,"parent":0,"menu_order":0,"comment_status":"closed","ping_status":"closed","template":"","meta":{"footnotes":""},"class_list":["post-163","page","type-page","status-publish","hentry"],"_links":{"self":[{"href":"https:\/\/foodservice-company.de\/index.php?rest_route=\/wp\/v2\/pages\/163","targetHints":{"allow":["GET"]}}],"collection":[{"href":"https:\/\/foodservice-company.de\/index.php?rest_route=\/wp\/v2\/pages"}],"about":[{"href":"https:\/\/foodservice-company.de\/index.php?rest_route=\/wp\/v2\/types\/page"}],"author":[{"embeddable":true,"href":"https:\/\/foodservice-company.de\/index.php?rest_route=\/wp\/v2\/users\/3"}],"replies":[{"embeddable":true,"href":"https:\/\/foodservice-company.de\/index.php?rest_route=%2Fwp%2Fv2%2Fcomments&post=163"}],"version-history":[{"count":9,"href":"https:\/\/foodservice-company.de\/index.php?rest_route=\/wp\/v2\/pages\/163\/revisions"}],"predecessor-version":[{"id":836,"href":"https:\/\/foodservice-company.de\/index.php?rest_route=\/wp\/v2\/pages\/163\/revisions\/836"}],"wp:attachment":[{"href":"https:\/\/foodservice-company.de\/index.php?rest_route=%2Fwp%2Fv2%2Fmedia&parent=163"}],"curies":[{"name":"wp","href":"https:\/\/api.w.org\/{rel}","templated":true}]}}